 digit of t?
9
Suppose 237*p = 152*p + 1670250. What is the tens digit of p?
5
Let h(k) = 32*k + 4. Let c be h(-5). Let v = 16 - c. What is the tens digit of v + 1 + -20 + 25?
7
Suppose -2*d - 3*f = -7*d + 1641, 3*f + 6 = 0. Let s = 81 + -81. Suppose s = -3*k + 225 + d. What is the hundreds digit of k?
1
Let j(z) = z**2 + 8*z - 16. Let g = 73 + -83. Let n be j(g). What is the hundreds digit of 213*3/18*n?
1
Let k = 4085 + -317. What is the hundreds digit of k?
7
Let g(t) = -21*t - 30. Let y be g(-9). Suppose 6*p - 3135 + y = 0. What is the units digit of p?
6
Let h be 6*161 - 496/31. Let b(r) = -r**2 - 8*r - 6. Let w be b(-6). Suppose w*q - h = -80. What is the units digit of q?
5
Suppose 72 = 4*z - 116. Suppose 71*y - 210 = 64*y. Let b = z - y. What is the tens digit of b?
1
Let s(y) = 4*y**3 - y**2 - 10*y + 7. Let m be s(-4). What is the tens digit of 2/4*(m - 3)*-1?
1
Suppose 0 = -5*a - 14 + 34. Suppose -4*z = -9*z - 5*d + 1045, 436 = 2*z - a*d. What is the tens digit of z?
1
What is the units digit of (1 - 0)*1/3 + (-3868180)/(-204)?
2
Suppose -571*l + 609*l = 573116. What is the thousands digit of l?
5
Let r = 7 + -3. Let j = -1840 - -2094. Suppose -r*o + 108 = -4*t + 6*t, 5*t + 2*o - j = 0. What is the units digit of t?
0
Suppose -4*v + 30278 - 23060 = -59414. What is the hundreds digit of v?
6
Let o = -92 - -83. Let i(f) = -15*f + 30. What is the units digit of i(o)?
5
Let i = 4 - 16. Let o be i/(-3) + (6 - 7). Suppose -15 = -5*c, -k + o*c + 47 = -116. What is the hundreds digit of k?
1
Let l be 10/(-20)*2*-3 - -3. Suppose 0 = -l*g - 57 - 15. What is the units digit of 18/g*(-1 + (-179)/3)?
1
Let n(f) = -f**3 + 1. Let u(o) = 5*o**3 + 19*o**2 + 43*o - 30. Let m(g) = 6*n(g) + u(g). What is the tens digit of m(20)?
3
What is the thousands digit of 3 + (-1 + 8)/(-7) - (-9701)/1?
9
What is the ten thousands digit of (234/(-390))/(6/(-175540))?
1
Let t = -13062 + 75284. What is the hundreds digit of t?
2
Let w be (-17)/(-238) + 7362/28. Let s = 353 - w. What is the units digit of s?
0
Suppose 0 = -21*r + 65*r + 18524. Let o = 577 + r. What is the hundreds digit of o?
1
Let p be 17/5 + (-6)/(-10). Suppose -p*d + 6 = l + 2*l, 4*l + 8 = 0. What is the units digit of 2 + d - 2 - -5?
8
What is the hundreds digit of 1/(32/24) - 2043689/(-68)?
0
Suppose -q - 2*l + 9508 = 0, 145*q - 38120 = 141*q + 3*l. What is the thousands digit of q?
9
Let j = 82 - 117. Let a be ((-4)/12)/(2/12) + -47. Let p = j - a. What is the tens digit of p?
1
Let r(y) = 8*y**2 + 4*y - 5. Let q(n) = -15*n**2 - 8*n + 9. Let o(g) = 3*q(g) + 5*r(g). Let c be o(-2). What is the hundreds digit of 5/c*-226*(-2)/(-2)?
1
Let s = -36 - -39. Suppose -12 = 2*v + 3*h, 3*v - 2 + s = 4*h. Let z = 44 - v. What is the units digit of z?
7
Let a(p) = -28*p - 4. Suppose 265 = -5*h + 5*g - 170, -5 = -5*g. Let d = h - -84. What is the units digit of a(d)?
2
Let x be -7 + 6 + 1 + 565. Let z = 1271 - x. What is the tens digit of z?
0
Suppose 7981 + 1879 = 34*k. Let v(r) = -6*r**2 + 5. Let i be v(5). Let f = i + k. What is the units digit of f?
5
Let i(m) = 8*m**3 - 138*m**2 - 33*m + 132. What is the tens digit of i(18)?
8
Let c(w) = 4*w + 696. Let y be c(0). Let p = -369 + y. What is the units digit of p?
7
Let r = 14589 + -7414. What is the units digit of r?
5
What is the ten thousands digit of (-1382370)/(-27) + (-56)/63 + 1?
5
Let y be ((-3972)/24)/((-2)/4). Let d = y - 156. Suppose -d = -5*m - g, -2*m = -4*g - 30 - 62. What is the tens digit of m?
3
Let k = 510 - 489. Suppose k*d - 9144 = 9*d. What is the hundreds digit of d?
7
Let d = 6795 + -6724. What is the tens digit of d?
7
What is the ten thousands digit of 16/(3 - 1) - (-132 - 22393)?
2
Let p(s) = -696*s - 1235. What is the units digit of p(-31)?
1
Let v(q) = -7*q + 21. Let c be v(3). What is the units digit of -156*(0 - 2 - c)?
2
Suppose 0 = -5*b - 5*n, -9*b = -13*b + n - 20. What is the tens digit of b - (-1 + 1) - -373?
6
Suppose 22*x = 23*x - 3. Suppose -2*l = x*v - 1226, 4*l + 0*v + v - 2442 = 0. What is the hundreds digit of l?
6
Suppose -15*x + 146501 = -107584. What is the thousands digit of x?
6
Let o(w) = 2*w**2 + 15*w + 15. Let g be o(-7). What is the units digit of (g/6)/(36/5454)?
2
Let u(l) = -5368*l - 20. Let o be u(5). What is the hundreds digit of (-1 + -1)/(-8) + o/(-80)?
3
Suppose -6408*c - 46371 = -6411*c. What is the hundreds digit of c?
4
Let y(k) = k + 12. Let f be y(-7). What is the hundreds digit of 150/125 - (-2454)/f?
4
Suppose 0 = -5*q + 3*w + 99, -8*q = -5*q - 5*w - 69. Let y(g) = 20*g + 87. What is the hundreds digit of y(q)?
4
Suppose 444*r = 450*r - 113754. What is the thousands digit of r?
8
Let z = 10323 - 6273. What is the thousands digit of z?
4
What is the thousands digit of 14769/2 + (-39)/6 + (-19 - -25)?
7
Suppose -5*k - 9274 + 33034 = 0. Suppose v = -11*v + k. Let d = v - 254. What is the units digit of d?
2
Let m(o) = -o**3 + 69*o**2 + 31*o + 403. What is the thousands digit of m(45)?
0
Suppose 5*b + 2*f - 1806 = 0, -732 = b - 3*b + 4*f. Suppose 0 = -q - q + b. What is the hundreds digit of q?
1
Let q be (2/(-2) - -3)*-1. Let c be ((-5)/q + -2)*-2. What is the tens digit of 38 + 3 + c*(2 + 0)?
3
Suppose -g - 4*x = -7416 - 3995, 4*x = 3*g - 34169. What is the thousands digit of g?
1
Let y be (-4)/6*(1 + -2 - 2). Suppose -5*o - 2*j = -173, -3*o - y*j - 3*j = -100. What is the tens digit of 399/o + 4/(-10)?
1
Suppose 0 = -3*k - 5*h + 6, 3*k = -k + 3*h + 8. Suppose 12*l - 13*l = -2*j + 174, 0 = 3*j - k*l - 261. What is the tens digit of j?
8
Suppose 57*z + 68*z - 433116 = 19*z. What is the tens digit of z?
8
Let d be (-24)/42 + 11876/7. Suppose -d = -14*m - 2*m. What is the tens digit of m?
0
Suppose -m = -6*m + 3*x + 125453, 100392 = 4*m + 5*x. What is the units digit of m?
3
Let r(q) = -43*q**3 + 9*q**2 + 2*q + 3. Let v be r(-4). Suppose 10*i - v = 2149. What is the tens digit of i?
0
Let p = -366 - -358. What is the tens digit of (-2 + p/(-6))/((-22)/19041)?
7
Suppose 12 = 3*a - a. Suppose a*f = -365 + 1955. What is the units digit of f?
5
Let x(b) = -9*b + 9. Let f be x(1). Let i(l) = -63*l + 2. Let r be i(-6). Suppose -5*w - r = -j - 3*j, w = f. What is the tens digit of j?
9
Let a be (-4)/(24/(-117))*(-4)/(-3). Let q(h) = 4*h + 3. Let k be q(5). Let u = k + a. What is the tens digit of u?
4
Let h(q) be the third derivative of -q**6/120 + q**5/20 + q**4/4 - 2*q**3/3 + 4*q**2. Let r be h(4). What is the units digit of 228/(-48)*(0 - r)?
9
Suppose -8658*z = -8627*z - 639530. What is the units digit of z?
0
Suppose 667 = 7*w + 184. Let h be w + (0 - (0 - 0)). Let b = h + -12. What is the units digit of b?
7
Suppose 2*m + 0*v - 5*v = 4826, 8 = 4*v. Let a = m + -812. What is the thousands digit of a?
1
Suppose 0 = -3*b - 3 + 6. Let i = 113 + -163. What is the hundreds digit of b*74/(-4)*i/5?
1
Let o be (-2)/3*(6*-12)/2. What is the units digit of (-4)/o - (-2)/12*2077?
6
What is the thousands digit of ((-2705001)/(-6))/(-43)*(-1 + -1) + 0?
0
What is the hundreds digit of (1 + -321)/(-15 - 34202/(-2282))?
0
Let f(l) = -l**2 + l + 2. Let m be f(0). Suppose 230 = m*i + 3*i. Let z = 72 - i. What is the tens digit of z?
2
Suppose -24*k - 16*k + 1280 = 0. Suppose -k*z - 852 = -33*z. What is the hundreds digit of z?
8
Suppose 2*w + 5148 = -5*g + 17474, -5*w + 7388 = 3*g. Let q = g + -1381. What is the units digit of q?
5
Let p(m) = 2*m - 366. Let k be p(-15). Let o = k - -443. What is the tens digit of o?
4
Suppose 5*y = 7*y - 6. Let v = 39 + -29. Suppose -5*n - y*g = -334, -3*n + 4*g + 222 = v. What is the tens digit of n?
6
Suppose -4*g - 96 = 8*g. What is the units digit of (-574)/(g - -6) - (3 + -1)?
5
Let r(k) = 2*k**2 - 20*k + 24. Let a be r(8). What is the units digit of (1076/a)/((-3)/6)?
9
What is the thousands digit of 12818/1*(1/15 - 156/(-360))?
6
Let l = -99 + 147. Suppose 2*k = k - 43. Let q = l + k. What is the units digit of q?
5
Let t(p) = 9*p**2 - 6*p + 8. Let l(c) = -46*c**2 + 29*c - 39. Let z(o) = 2*l(o) + 11*t(o). What is the units digit of z(7)?
7
Suppose -4*c - o = 35 + 50, 5*c + 4*o = -120. What is the thousands digit of ((-60)/(-8))/5 - 21110/c?
1
Let z(x) = 126*x + 825. What is the hundreds digit of z(59)?
2
Let i(x) = -23*x + 82. Let s(l) = 44*l - 165. Let a(w) = -9*i(w) - 4*